5831*w - 5574448. Calculate m(-956).
-12
Let l(b) = b**2 - 4254*b + 239197. Determine l(57).
-32
Let k(m) = -2219*m - 82082. Calculate k(-37).
21
Let w(j) = -j**2 - 2119*j - 65000. Calculate w(-31).
-272
Let q(s) = -s**3 + 3*s**2 + 6361*s + 6361. Give q(-1).
4
Let t(l) = 61*l**2 + 3856*l + 826. What is t(-63)?
7
Let c(l) = -355*l**2 + 41890*l + 3. What is c(118)?
3
Let y(z) = -2*z**2 - 926*z + 4720. What is y(5)?
40
Let j(p) = 1467*p - 25310. Give j(17).
-371
Let o(t) = -4*t**2 + 166*t - 1446. Calculate o(13).
36
Let y(n) = 246*n**2 - 1223*n + 4866. Calculate y(4).
3910
Let o(u) = 405*u - 2475. Give o(9).
1170
Let p(n) = 189*n**2 + 126*n + 391. Calculate p(-3).
1714
Let i(d) = -3*d**2 - 121*d + 1159. Calculate i(11).
-535
Let d(f) = 9241*f + 33335. What is d(-4)?
-3629
Let y(k) = -27*k**3 + 1213*k**2 + 15*k + 3374. Calculate y(45).
-1
Let g(u) = 3626*u + 65276. Calculate g(-18).
8
Let c(f) = -2423*f - 397816. Give c(-164).
-444
Let f(a) = 8*a**3 + 712*a**2 - 9*a + 7. Give f(-89).
808
Let s(j) = -101*j**2 + 109*j - 48. Calculate s(2).
-234
Let j(f) = -73*f**3 + 34*f**2 + 57*f - 4. Calculate j(-2).
602
Let a(n) = n**3 - 240*n**2 - 1226*n + 231. What is a(245)?
-14
Let t(n) = -n**3 - 24*n**2 + 25477*n + 636327. What is t(-25)?
27
Let g(l) = -4*l**3 - 536*l**2 + 7650*l + 875. What is g(-147)?
-7
Let c(f) = -3*f**2 + 301*f - 7682. Give c(47).
-162
Let f(b) = -2211*b - 79753. Give f(-36).
-157
Let k(o) = 5*o**3 - 314*o**2 - 75*o + 232. What is k(63)?
-524
Let w(y) = 2881853*y - 2881856. Give w(1).
-3
Let j(y) = 2*y**3 + 447*y**2 - 361*y + 3. Calculate j(0).
3
Let o(l) = 482*l**2 + 9*l - 15. Determine o(2).
1931
Let o(a) = a**2 + 234*a - 2529. Give o(10).
-89
Let m(y) = -15*y + 2177. Give m(49).
1442
Let t(j) = -4*j**3 - 519*j**2 + 2278*j - 2. Determine t(-134).
-2
Let v(m) = m**3 - 196*m**2 + 2189*m - 25. Calculate v(12).
-253
Let x(j) = j**2 + 662*j + 40132. Give x(-68).
-260
Let x(o) = 41*o**2 + 10161*o + 18530. Determine x(-246).
80
Let i(f) = -18366*f + 36725. What is i(2)?
-7
Let m(d) = 546695*d - 3280192. Give m(6).
-22
Let h(g) = 22*g**2 + 284*g + 359. Determine h(-10).
-281
Let z(d) = 476*d**3 - 2*d**2 + 61*d - 64. What is z(1)?
471
Let b(l) = 66*l**2 + 8157*l + 234. Determine b(-124).
3582
Let c(m) = 24*m**2 - 7983*m + 23719. What is c(3)?
-14
Let c(n) = -n**2 + 194*n - 1881. Give c(11).
132
Let j(d) = d**3 - 705*d**2 - 15997*d - 87. Give j(-22).
-21
Let u(p) = -p**2 + 996*p - 64903. Give u(70).
-83
Let a(h) = -3*h**3 + 4*h**2 + 392*h + 389. Determine a(-1).
4
Let i(u) = 66192*u - 5626315. Calculate i(85).
5
Let w(x) = 3*x**3 + 234*x**2 - 491*x - 802. Give w(-80).
78
Let l(q) = 145*q**3 - 82*q**2 - 23*q + 23. Determine l(1).
63
Let d(w) = 1749*w - 21710. Give d(14).
2776
Let m(u) = 650*u - 13043. What is m(20)?
-43
Let i(h) = -5*h**2 + 1849*h - 26291. Calculate i(355).
-21
Let s(r) = 5*r**3 - 999*r**2 - 215*r + 2992. Calculate s(200).
-8
Let v(f) = 9362*f + 112205. What is v(-12)?
-139
Let h(t) = -3*t**3 + 78*t**2 - 471*t - 270. Determine h(11).
-6
Let y(g) = 3*g**2 - 7981*g + 189842. Give y(24).
26
Let j(u) = 7278*u - 123993. Give j(17).
-267
Let s(x) = -8*x**3 + 70*x**2 + 29*x + 12. Determine s(9).
111
Let j(v) = -2*v**3 - 112*v**2 + 65*v - 664. What is j(-57)?
2129
Let u(r) = -1163*r + 533806. Give u(459).
-11
Let a(d) = 4*d**2 + 27318*d + 653336. Calculate a(-24).
8
Let y(a) = -4387*a**2 + 21940*a + 4. Give y(5).
29
Let a(s) = -s**2 + 129*s + 613. Calculate a(125).
1113
Let p(l) = -8*l**3 - 988*l**2 + 490*l + 163. Give p(-124).
907
Let g(u) = 4*u**3 - 373*u**2 + 85*u + 353. What is g(93)?
-391
Let w(o) = -2*o**2 + 14452*o - 216874. Determine w(15).
-544
Let f(l) = -6*l**2 - 283*l - 1389. What is f(-51)?
-2562
Let r(t) = -329*t**2 - 1246*t + 2491. What is r(2)?
-1317
Let s(n) = -n**2 - 690*n - 107061. Determine s(-236).
83
Let j(c) = c**2 - 43144*c - 1986732. Calculate j(-46).
8
Let n(s) = -8*s**3 - 16*s**2 + 81*s - 99. Give n(2).
-65
Let n(w) = 11870*w - 130584. Give n(11).
-14
Let u(i) = 2*i**3 + 33*i**2 + 11*i + 115. Calculate u(-18).
-1055
Let z(g) = 81702*g**2 + 326802*g - 29. Give z(-4).
-5
Let z(w) = -1541*w - 29561. What is z(-18)?
-1823
Let y(r) = 22895*r + 709753. Give y(-31).
8
Let x(k) = -28*k**2 + 4180*k + 57665. What is x(162)?
-7
Let l(z) = -5*z**3 + 359*z**2 + 1200*z + 31. What is l(75)?
31
Let k(p) = -p**3 - 26*p**2 - 135*p - 33. What is k(-8)?
-105
Let j(c) = 21511*c - 623787. Give j(29).
32
Let w(u) = -u**2 - 4759*u + 9529. What is w(2)?
7
Let x(s) = -12*s**2 + 279*s - 1599. Give x(6).
-357
Let n(o) = 25658*o - 718465. Determine n(28).
-41
Let z(v) = -v**3 + 963*v**2 + 2729*v - 522. Determine z(-3).
-15
Let b(w) = -5*w**3 - 72*w**2 - 61*w - 1588. What is b(-15)?
2
Let r(s) = 2*s**3 - 2123*s**2 - 1234*s + 182657. What is r(1062)?
-7
Let z(u) = 7712*u + 7712. Give z(-1).
0
Let m(x) = -153*x**3 + 624*x**2 - 51*x + 79. Calculate m(4).
67
Let o(j) = -2*j**3 + 114*j**2 - 212*j - 428. What is o(55)?
12
Let z(r) = -r**3 + r**2 - 153*r - 901. Calculate z(-5).
14
Let s(d) = d**3 + 55*d**2 - 129*d - 45. Determine s(-57).
810
Let f(k) = 17*k**2 - 2872*k + 17229. Give f(6).
609
Let j(v) = 322*v - 61085. Calculate j(190).
95
Let j(c) = -c**2 - 4837*c + 229530. Calculate j(47).
-18
Let r(i) = -259999*i - 22099927. Calculate r(-85).
-12
Let g(r) = -r**3 - 11*r**2 + 229*r + 2710. Determine g(-13).
71
Let a(s) = -3511*s + 45508. Give a(13).
-135
Let d(p) = -72*p**2 + 1270*p + 426. Give d(18).
-42
Let m(o) = 200*o + 5788. Calculate m(-31).
-412
Let y(d) = 436*d**2 + 6981*d - 25. Calculate y(-16).
-105
Let y(l) = -1440818*l + 4322502. Give y(3).
48
Let p(o) = -o**3 - 110*o**2 - 2735*o + 77. Calculate p(-72).
5
Let n(t) = 2*t**3 + 40*t**2 + 197*t - 10. What is n(-11)?
1
Let k(p) = -20*p**2 + 3311*p + 1473. Determine k(166).
-21
Let n(k) = 468*k + 345443. Calculate n(-738).
59
Let r(i) = 115*i**2 - 1050*i - 6445. Give r(-6).
3995
Let p(o) = 182722*o + 8222485. What is p(-45)?
-5
Let d(f) = 127*f**3 - 7*f**2 + 34*f - 28. Determine d(1).
126
Let j(s) = 78*s + 6517. Calculate j(-84).
-35
Let v(b) = -b**3 + 13*b**2 - 375*b - 2308. Give v(-5).
17
Let z(i) = -i**3 - 1329*i**2 + 31013*i + 1908. What is z(23)?
-1
Let b(z) = z**2 - 41*z - 6264. Determine b(102).
-42
Let u(z) = -5*z**3 - 430*z**2 - 3119*z + 73. Determine u(-78).
-5
Let z(a) = 270*a**2 - 2011*a + 11. Give z(7).
-836
Let k(m) = 12044*m - 72317. Calculate k(6).
-53
Let j(r) = 5*r**2 + 1025*r + 944. Give j(-204).
-76
Let w(r) = 2*r**3 - 42*r**2 - 58*r + 189. What is w(22)?
-119
Let r(u) = -75*u + 1597. Give r(23).
-128
Let v(o) = -o**2 + 537774*o + 4840046. What is v(-9)?
-1
Let k(o) = 2*o**3 - 287*o**2 + 3043*o - 931. Determine k(132).
-7
Let c(g) = g**3 - 6*g**2 - 2495*g + 7517. Calculate c(3).
5
Let g(o) = 1111*o - 255565. Determine g(230).
-35
Let a(g) = 118*g + 36566. Calculate a(-294).
1874
Let m(a) = -57504*a + 2127531. What is m(37)?
-117
Let l(g) = -43154*g - 1165156. Calculate l(-27).
2
Let b(q) = 2*q**3 - 128*q**2 - 157*q + 17831. What is b(63)?
2
Let c(y) = -y**3 + 20*y**2 + 534*y - 4624. Give c(32).
176
Let h(s) = 8136*s - 797331. Determine h(98).
-3
Let s(p) = p**3 + 19*p**2 + 2391*p + 40158. Give s(-17).
89
Let h(t) = -26647*t + 906041. Calculate h(34).
43
Let t(g) = -7*g**3 + 67*g**2 - 53*g + 146. Determine t(9).
-7
Let l(i) = 1853321*i + 5559955. What is l(-3)?
-8
Let i(s) = s**3 - 274*s**2 - 830*s - 329. What is i(277)?
-52
Let f(i) = i**3 - 15*i**2 - 70*i + 137. Determine f(19).
251
Let b(j) = 475*j + 167573. What is b(-353)?
-102
Let g(m) = m**2 + 747*m - 14557. Give g(19).
-3
Let a(r) = -7867*r - 550307. What is a(-70)?
383
Let c(u) = -194*u**2 + 334*u + 263. What is c(-2)?
-1181
Let b(o) = o**2 - 1188*o + 12927. Calculate b(11).
-20
Let k(t) = 28701*t**2 + 344414*t - 6. Calculate k(-12).
-30
Let m(j) = -47*j - 195. Calculate m(-10).
275
Let a(h) = -h**2 - 34*h + 2048. Calculate a(31).
33
Let u(t) = 24595*t - 787027. Determine u(32).
13
Let z(b) = 10*b**3 - 96*b**2 + 90*b - 322. What is z(9)?
2
Let j(c) = -c**2 - 3822*c - 454957. Give j(-123).
20
Let u(y) = 398*y + 9707. What is u(-25)?
-243
Let k(b) = 2*b**2 + 110*b - 1393. What is k(-58)?
-1045
Let l(t) = 153*t**2 + 3500*t - 65. What is l(-23)?
372
Let n(p) = -85*p**2 - 1849*p - 9987. Determine n(-10).
3
Let z